t are the prime factors of t?
31
Let i = 1784 + -957. Suppose 10*p + i - 3157 = 0. List the prime factors of p.
233
Let b(v) = v. Suppose 3*o + 43 = 5*f + 11, -1 = -o. What are the prime factors of b(f)?
7
Let n = -76 + 82. Let p(c) = c**3 - 3*c**2 + 12*c - 19. List the prime factors of p(n).
7, 23
Suppose -2*x - 3105 = -7*x - 2*j, -4*x + 2502 = -2*j. What are the prime factors of x?
7, 89
Let h(k) = 3*k**2 + 2*k - 1. Let x be h(1). Let d be -4 - (-3 + 5 - 90). Suppose -x*f + d = -f. List the prime factors of f.
2, 7
Suppose -5*b + 56 = -9*b. Let o(y) = -3*y**2 - 29*y + 27. Let c(t) = t**2 + 10*t - 9. Let i(a) = 7*c(a) + 2*o(a). What are the prime factors of i(b)?
19
Let d(g) = -g**3 - 3*g**2 - 2*g + 2. Let a be d(-2). Suppose -2*c - 2*z + 86 = 0, -3*c - a*c - 3*z = -211. List the prime factors of c.
41
Let i(l) = 12*l**2 - 2*l - 3. Let p be i(-3). Let r be 2/(0 + 2)*p. Let n = -58 + r. What are the prime factors of n?
53
Let l(a) = a**3 - 29*a**2 - 11*a - 71. List the prime factors of l(30).
499
Suppose 2*b - 75 - 125 = 0. What are the prime factors of 825/b*(6 + (3 - 1))?
2, 3, 11
Suppose -28 = -w + 3*k, 0*w + 3*w - 2*k - 49 = 0. Let o = w - -45. Suppose v = n + o, 6*v = v - 2*n + 297. What are the prime factors of v?
59
What are the prime factors of (10/4*-164)/((-8)/4)?
5, 41
Let q be (7/(-28))/((-1)/8). Let g(i) = 68*i + 18. List the prime factors of g(q).
2, 7, 11
Let a(f) = -23*f + 25. Let v(h) = 45*h - 50. Let d(o) = 7*a(o) + 4*v(o). List the prime factors of d(7).
2, 3
Suppose -18 + 48 = 5*q + 5*g, -5*q + 2*g = -65. Suppose q = h - 0. List the prime factors of h.
11
Let j = -2 - 9. List the prime factors of 72 + 0 + j/(-11).
73
Let a(d) = -15*d + 4. Let v be a(2). Let t = v - -35. Suppose -3*m + t = -15. List the prime factors of m.
2
Let k(a) = -46*a + 10. Let n be k(-7). Suppose 0 = -4*u - 28 + n. Suppose 3*q - 11 = u. List the prime factors of q.
29
Let q = 203 - 293. Let b = 189 + q. What are the prime factors of b?
3, 11
Let p(z) = 2*z + 58. Let r be p(-15). Suppose -2*u = -3*q - 34, r = 4*u + q - 26. List the prime factors of u.
2, 7
Let h = 12 - 22. Let z be 6/h + 3/5. Suppose 2*c - 4*k - 46 = z, c = -5*k - 5 + 14. What are the prime factors of c?
19
Let n be (-2)/(-1)*(-5)/((-15)/12). Suppose -n*v = -0*v - 872. What are the prime factors of v?
109
Let h = -14 + 20. Let l be 79/(-5) + h/(-30). What are the prime factors of 12/l + 30/8?
3
Let h(u) = 480*u**3 + 13*u**2 - 15*u + 1. List the prime factors of h(1).
479
Suppose 12*c - 852 = 10*c. List the prime factors of c.
2, 3, 71
Let d(k) = 3*k + 46. Let m be d(-10). List the prime factors of m/(3*(-4)/336*-2).
2, 7
List the prime factors of 8*4915/10 - 2/2.
3931
Suppose 0*s - 22 = -2*s. Let u = s - 7. Suppose -10 = 3*h + u*f, 4*h = f - 1 + 13. List the prime factors of h.
2
Let j = 6989 + -3941. What are the prime factors of j/16 + 2/(-8)*2?
2, 5, 19
Let g be 84/9*(-918)/(-21). Suppose -16*r = -14*r - g. What are the prime factors of r?
2, 3, 17
Let l = -16 + 19. Let h(q) = 7*q**2 - 3*q - 4*q**2 + 2*q**2 + 4 - q**2. What are the prime factors of h(l)?
31
Suppose 0 = -4*z + 2*t + 4, 1 = 3*z - 2*t - 1. Let n be 2*(-16 - (3 - z)). Let r = 57 + n. List the prime factors of r.
23
Suppose -4*w - 25 = 7. Let n be 2/w - 6/(-24). Suppose -2*c = 4*v - 14, 2*v + 0*v + 4*c - 10 = n. What are the prime factors of v?
3
Suppose 0 = x - 6 - 71. Suppose -x = -3*d + 2*d. Let s = d + -47. List the prime factors of s.
2, 3, 5
Suppose 124*m - 126454 = 78*m. List the prime factors of m.
2749
Suppose -27465 = -1225*q + 1220*q. What are the prime factors of q?
3, 1831
Suppose -5520 = 21*s - 36*s. List the prime factors of s.
2, 23
Suppose -m = 4*a - 144, -m + 6*m - 620 = 5*a. List the prime factors of m.
2
Suppose 16*z - 232 = 12*z. Suppose -3*c + 68 = -z. List the prime factors of c.
2, 3, 7
List the prime factors of 11816/6 - (-175)/(-525).
11, 179
Let b be 0*5/(-15)*-1. Suppose b = 5*x - 469 - 266. List the prime factors of x.
3, 7
Let x be 10/45 - (1 + 2023/(-9)). What are the prime factors of x/2 + (6 - 7)?
3, 37
Let v(j) be the second derivative of -17*j**3/6 + 13*j**2 + 13*j. List the prime factors of v(-11).
3, 71
Suppose 2*v - 6 = -4*d, 0 = 3*d - 0*d - 5*v - 37. Suppose -4*y = -h + 31, -d*h = -6*h - 5*y + 23. Let s = 24 + h. What are the prime factors of s?
43
Suppose 209 = c - q, 5*c = 4*q - q + 1043. List the prime factors of c.
2, 13
List the prime factors of 2/6 - ((-12296)/3)/4.
5, 41
Let t be (-1770)/45*(-6)/2. Suppose -3*v = -2*v + 4*m - t, -2*v + 3*m = -258. Suppose -4*w = 2*h + h - v, 4*w - 172 = -4*h. What are the prime factors of h?
2, 23
Let d(l) = l - 11. Suppose 16 + 40 = 4*j. Let t be d(j). Suppose 0 = -t*h + 4*u + 55, 4*u - 5*u - 20 = -h. List the prime factors of h.
5
Suppose 0 = -5*h - 4*q - 26, -3*h - 3*q - 8 = 10. What are the prime factors of (42 + 1)/((-1)/h)?
2, 43
Let g(h) = h**3 - 8*h**2 - 9*h - 4. Let l = 4 + 5. Let m be g(l). List the prime factors of 208/20*(1 - m).
2, 13
Let k = -47 + 47. Suppose k = -3*z - 70 + 250. List the prime factors of z.
2, 3, 5
Suppose b - 2 = 1. Suppose -7*f - 8 = -b*f. Let t(h) = -3*h - 4. What are the prime factors of t(f)?
2
Let x be (-2)/(-1 + 2/6). Suppose 5*m + x*w = m + 219, -211 = -4*m + 5*w. What are the prime factors of m?
2, 3
What are the prime factors of (1/(-7) - 0) + 50190/98?
2
Suppose -2*g + 3*v = 127, -g - 61 = 3*v - 7*v. Let z = g - -97. What are the prime factors of z?
2
Let n = 564 - 367. List the prime factors of n.
197
Suppose 2*h + 2*k - 10 = 0, 3*h = 4*k + 2 - 1. Suppose 0 = -c + 9 + h. Suppose -4*j + j + c = 2*n, 0 = j + n - 3. List the prime factors of j.
2, 3
Suppose 4*i + 584*v = 586*v + 22224, -i + 5*v = -5565. List the prime factors of i.
5, 11, 101
Suppose 0 = 2*a + 4*a + 2352. Let t = -197 - a. List the prime factors of t.
3, 5, 13
Suppose -78*b + 9720 = -66*b. What are the prime factors of b?
2, 3, 5
Suppose 5*u - 26523 = 3*d, 0*d = -u - 4*d + 5323. List the prime factors of u.
3, 29, 61
Let p(x) = -4*x**3 - 17*x**2 - 3*x - 5. What are the prime factors of p(-8)?
11, 89
Let q(p) be the third derivative of -p**5/30 + 9*p**4/8 + 2*p**3/3 - 17*p**2. List the prime factors of q(13).
17
Let o(s) be the first derivative of 19*s - 5 + 1/3*s**3 - 13/2*s**2. What are the prime factors of o(13)?
19
Let w be 2*2/((-8)/30). Let o = -69 + 96. Let x = o + w. List the prime factors of x.
2, 3
Suppose -129 = -a + 10. What are the prime factors of a?
139
Let j be 18/12*(-16)/(-6). Suppose -j*y + 398 = -58. List the prime factors of y.
2, 3, 19
Let y(q) = 4*q**2 - 17*q - 20. Let r be y(-6). Let v = r - 120. List the prime factors of v.
2, 53
Let v(k) = -6*k + 12. Let f = -34 + 28. What are the prime factors of v(f)?
2, 3
Let z(l) = l**2 + 2*l - 1. Let q(m) = 2*m + 9. Let j be q(-6). Let v be z(j). Suppose y - 5*r + v = 23, 3*r - 3 = -2*y. What are the prime factors of y?
2, 3
Suppose -24 = 12*k - 0. What are the prime factors of ((-30)/3 + k)/((-18)/60)?
2, 5
Suppose 15*v = -6*v + 39942. List the prime factors of v.
2, 3, 317
Let q be 292 + ((-6)/(-18))/((-2)/(-18)). Suppose 3*o = 4*f + q, -2*o - 4*f - 32 = -242. What are the prime factors of o?
101
Let k(y) be the second derivative of y**5/20 + 2*y**4/3 + y**3/2 - y**2/2 + 5*y. List the prime factors of k(-7).
3
Let k(s) = -s - 48. Let w be k(-17). Suppose 5*j = -v + 55, 371 = 3*v + 2*v + j. Let f = v + w. List the prime factors of f.
2, 11
Let g(s) = -2*s - 3. Let w be g(3). Let v be (-1 + -2)*60/w. Let y = 46 - v. List the prime factors of y.
2, 13
Let h(z) = -7*z - 10. Let t = 6 - 14. Let x be h(t). Suppose 0 = 3*f + 16 - x. List the prime factors of f.
2, 5
Suppose 1705 = -32*c + 7849. What are the prime factors of c?
2, 3
Let s(u) = 28*u - 7. List the prime factors of s(4).
3, 5, 7
List the prime factors of (-4134)/(-9) + 1/(-3).
3, 17
Let k(a) be the second derivative of 1/12*a**4 + 0*a**3 - a + 0*a**2 + 2/5*a**5 + 0. List the prime factors of k(1).
3
Suppose 0*z + 11*z - 88 = 0. Suppose -4*y - 3*o + 1 = -3*y, -2*y - 4*o = -z. What are the prime factors of y?
2, 5
Suppose -86*q - 6945 = -101*q. What are the prime factors of q?
463
Suppose -1428 = -4*v + 828. Suppose -2*a + 0*a = -v. What are the prime factors of a?
2, 3, 47
Let d be ((4/6)/2)/(13/624). Suppose 